e 4
-302213302130
What is 261ccb (base 13) in base 2?
11100000001101001000
Convert 52da5 (base 15) to base 8.
1001453
389429 (base 10) to base 8
1370465
Convert -13bdb (base 14) to base 16.
-bf65
Convert 5109 (base 13) to base 8.
25633
-15be5b (base 16) to base 9
-2611638
What is -111100011111110100 (base 2) in base 9?
-416818
5177786 (base 10) to base 5
2311142121
What is -10511 (base 12) in base 7?
-116410
What is -36d294 (base 14) in base 12?
-768082
Convert -2535206 (base 8) to base 6.
-23023050
Convert 12102020 (base 3) to base 9.
5366
Convert -1157204 (base 9) to base 16.
-99754
6756c1 (base 13) to base 2
1001010011101010100001
Convert -3000022231 (base 4) to base 5.
-200141432
What is 1120430041 (base 5) in base 11?
1468115
Convert -11242432320 (base 5) to base 15.
-11dedaa
Convert -36650 (base 9) to base 3.
-1020201200
a04df3 (base 16) to base 2
101000000100110111110011
What is -325 (base 14) in base 11?
-515
Convert -120012222 (base 5) to base 8.
-2055744
Convert 5872b (base 14) to base 11.
137958
-3b363 (base 12) to base 13
-2b275
What is 11226 (base 15) in base 8?
152326
-cb7a0 (base 13) to base 12
-159104
-2211120021112 (base 3) to base 12
-608172
-224333433 (base 5) to base 6
-33403555
Convert 330534 (base 10) to base 13.
b75a9
What is 7db07 (base 14) in base 5?
34303442
883c9 (base 14) to base 2
1010000100100111101
Convert 2454133 (base 9) to base 6.
44340050
What is -1221020221001 (base 3) in base 9?
-1836831
What is 11cc6 (base 14) in base 4?
22222212
What is -586488 (base 9) in base 14?
-92675
What is 20301741 (base 9) in base 3?
200100001211101
What is 346e1b (base 16) in base 4?
31012320123
Convert 47c2b3 (base 13) to base 7.
20360046
What is -384c2 (base 16) in base 4?
-320103002
Convert -92967 (base 12) to base 9.
-321557
Convert -324142333 (base 5) to base 12.
-574269
d743c (base 15) to base 14
13ab2b
-1585240 (base 9) to base 16
-d7949
-3510522 (base 6) to base 10
-180338
1013332210 (base 5) to base 6
112442240
6911a2 (base 12) to base 2
110011010100011001010
Convert -633012 (base 8) to base 2.
-110011011000001010
Convert -1476074 (base 9) to base 11.
-509641
Convert 28b131 (base 12) to base 7.
5542333
Convert -437bea (base 15) to base 11.
-18a6aaa
What is 149c24 (base 14) in base 4?
2233123220
Convert 124125 (base 6) to base 13.
51a1
-294347 (base 10) to base 15
-5c332
Convert 1023315 (base 8) to base 16.
426cd
-671195 (base 10) to base 3
-1021002201002
What is 203102220 (base 4) in base 16?
234a8
2101031323 (base 4) to base 9
1105831
-56226022 (base 7) to base 15
-661334
What is 5623c9 (base 13) in base 16?
1f0501
Convert 49c71b (base 16) to base 3.
100002122111202
What is -5644012 (base 7) in base 8?
-2527250
What is 2a6b2b5 (base 13) in base 7?
223165004
Convert 221121 (base 5) to base 9.
11452
-44331131 (base 5) to base 12
-167754
Convert 44303342 (base 5) to base 14.
a0371
What is -1333332 (base 5) in base 9?
-41450
-131200213210 (base 4) to base 13
-17ab0b0
2755c63 (base 13) to base 11
7005817
Convert -6060344 (base 7) to base 16.
-afe5f
-225c61 (base 14) to base 16
-11d4fd
What is -21012001110 (base 3) in base 10?
-141465
Convert 43555145 (base 7) to base 5.
1424314311
What is -5ccd6d (base 14) in base 13?
-877029
What is a3d9a3 (base 15) in base 8?
35562076
What is -107653 (base 8) in base 2?
-1000111110101011
What is -4320025 (base 6) in base 5?
-23300221
Convert 100102012020 (base 3) to base 12.
8b2a3
-11200011231 (base 4) to base 5
-332122112
What is -34a6b (base 16) in base 6?
-4342231
What is -8a457 (base 13) in base 16?
-3d546
-13477207 (base 8) to base 3
-12201210202121
What is -1522345210 (base 6) in base 5?
-14401034010
-939349 (base 13) to base 6
-201521221
What is -10001110101010010110100 (base 2) in base 9?
-8714475
1011111011010110 (base 2) to base 13
19310
-204201 (base 5) to base 4
-1222101
-536215 (base 9) to base 11
-1a9035
What is -31654566 (base 7) in base 6?
-133532530
Convert 345402001 (base 6) to base 10.
6423409
What is 1f5d0f (base 16) in base 4?
13311310033
What is 202540141 (base 6) in base 13?
955747
What is 110033000223 (base 4) in base 12?
19397a3
What is 1879199 (base 11) in base 3?
12222021211011
d10b (base 15) to base 5
2402421
What is 4d818 (base 16) in base 12?
133874
Convert -101101111111000 (base 2) to base 16.
-5bf8
Convert -1727279 (base 10) to base 8.
-6455457
Convert 28b583 (base 16) to base 7.
31451104
-7160237 (base 8) to base 15
-275b26
-4203033 (base 5) to base 11
-47a48
88367 (base 10) to base 4
111210233
Convert 135547 (base 8) to base 13.
18ab5
What is 1440230040 (base 5) in base 2?
1110101000100101101110
What is 140305 (base 8) in base 16?
c0c5
Convert -3c7960 (base 15) to base 11.
-1709396
735380 (base 9) to base 16
6aafa
Convert a085a9 (base 12) to base 13.
69837c
-125124324 (base 7) to base 11
-459000a
What is 14353223 (base 7) in base 5?
321421314
898b55 (base 12) to base 4
20113111301
What is -101110001110101001 (base 2) in base 4?
-232032221
1963 (base 13) to base 10
3799
Convert 18d46 (base 15) to base 9.
132523
What is -53401235 (base 7) in base 13?
-c2b925
-401ad4 (base 14) to base 4
-20032122122
-1ef18 (base 16) to base 2
-11110111100011000
-150053433 (base 6) to base 9
-5724003
1642746 (base 9) to base 2
11011111001001111110
What is -66550 (base 7) in base 3?
-211222011
1ea70c (base 15) to base 8
5570346
1b918 (base 14) to base 4
101023302
What is 42114204 (base 5) in base 11?
218553
What is -19997a (base 11) in base 2?
-1001010101100110111
120023211102 (base 4) to base 5
3110321043
Convert -16512243 (base 7) to base 11.
-a04707
-432065 (base 8) to base 5
-14110222
411552055 (base 6) to base 9
14306768
What is 37615 (base 8) in base 7?
65301
Convert -100001101111010111100 (base 2) to base 3.
-2002011121000
1110112343 (base 5) to base 2
1001010000010001110101
Convert 626226 (base 7) to base 11.
74009
2235928 (base 10) to base 14
422bb2
What is -32e52b (base 15) in base 11?
-1409043
-c3a6b (base 15) to base 13
-189266
Convert 5e618 (base 16) to base 7.
3200032
What is d4431 (base 14) in base 5?
112324321
-212aa0 (base 11) to base 3
-122022101110
What is 315120 (base 13) in base 7?
12543216
Convert 5973 (base 15) to base 11.
13310
-8161 (base 14) to base 3
-1010111110
Convert 1032201200 (base 4) to base 16.
4e860
What is 100120020001211 (base 3) in base 8?
23307015
-404163 (base 8) to base 6
-2504455
3643566 (base 7) to base 12
1a4b23
Convert -1410100110 (base 5) to base 12.
-1255661
Convert -421b86 (base 14) to base 2.
-1000100001001100111010
Convert 98c988 (base 13) to base 8.
15563452
Convert 395790 (base 11) to base 2.
10010111111110111011
Convert 11313333322 (base 4) to base 9.
2806541
Convert 11111010001100111 (base 2) to base 10.
128103
What is -21ede (base 15) in base 8?
-322720
What is 10432545 (base 6) in base 9?
530782
1330a09 (base 14) to base 11
5255387
Convert 259501 (base 10) to base 15.
51d51
-156731 (base 8) to base 2
-1101110111011001
-486814 (base 11) to base 10
-770301
What is -100912 (base 10) in base 2?
-11000101000110000
Convert 363727 (base 13) to base 8.
4735374
-6652313 (base 7) to base 13
-22907c
2411226 (base 7) to base 4
1022203230
Convert -18a44 (base 11) to base 3.
-1100102020
What is 1402811 (base 10) in base 12?
57798b
What is -1246051 (base 9) in base 3?
-1021120001201
-2040aa (base 15) to base 7
-16011445
Convert -10100101100100111 (base 2) to base 7.
-502105
Convert -2c059 (base 13) to base 15.
-19b5a
What is -1010100100100001 (base 2) in base 11?
-2a591
What is -560114 (base 7) in base 12?
-49005
Convert 977a08 (base 13) to base 10.
3558641
Convert 538e4 (base 15) to base 5.
31442024
Convert 1235430 (base 10) to base 2.
100101101100111100110
-5879609 (base 11) to base 14
-1511822
Convert 778534 (base 9) to base 16.
71a82
-1001322211 (base 4) to base 15
-54ee4
Convert -342454242 (base 6) to base 13.
-13c327a
357360 (base 8) to base 3
20020012001
9762745 (base 10) to base 14
1421bcd
What is 7556e (base 16) in base 13?
13a9bc
Convert -426157 (base 9) to base 10.
-253825
What is 5422215 (base 6) in base 5?
32024431
Convert -35177 (base 11) to base 2.
-1100011001011111
-13439 (base 11) to base 4
-10223120
What is 100010011110110010 (base 2) in base 15?
2bca9
-10111101011110010100101 (base 2) to base 11
-3560742
Convert 6